{"id":810,"date":"2025-06-12T18:49:37","date_gmt":"2025-06-12T18:49:37","guid":{"rendered":"https:\/\/cuyabeno.gob.ec\/?page_id=810"},"modified":"2025-06-13T19:14:48","modified_gmt":"2025-06-13T19:14:48","slug":"division-geografica","status":"publish","type":"page","link":"https:\/\/cuyabeno.gob.ec\/?page_id=810","title":{"rendered":"Divisi\u00f3n geogr\u00e1fica"},"content":{"rendered":"\n<figure class=\"wp-block-image size-full is-resized\"><img loading=\"lazy\" decoding=\"async\" width=\"1024\" height=\"541\" src=\"https:\/\/cuyabeno.gob.ec\/wp-content\/uploads\/2025\/06\/image-5.png\" alt=\"\" class=\"wp-image-1038\" style=\"width:543px;height:auto\" srcset=\"https:\/\/cuyabeno.gob.ec\/wp-content\/uploads\/2025\/06\/image-5.png 1024w, https:\/\/cuyabeno.gob.ec\/wp-content\/uploads\/2025\/06\/image-5-300x158.png 300w, https:\/\/cuyabeno.gob.ec\/wp-content\/uploads\/2025\/06\/image-5-768x406.png 768w, https:\/\/cuyabeno.gob.ec\/wp-content\/uploads\/2025\/06\/image-5-600x317.png 600w\" sizes=\"auto, (max-width: 1024px) 100vw, 1024px\" \/><\/figure>\n\n\n\n<figure class=\"wp-block-image size-full\"><img loading=\"lazy\" decoding=\"async\" width=\"831\" height=\"598\" src=\"https:\/\/cuyabeno.gob.ec\/wp-content\/uploads\/2025\/06\/image-6.png\" alt=\"\" class=\"wp-image-1039\" srcset=\"https:\/\/cuyabeno.gob.ec\/wp-content\/uploads\/2025\/06\/image-6.png 831w, https:\/\/cuyabeno.gob.ec\/wp-content\/uploads\/2025\/06\/image-6-300x216.png 300w, https:\/\/cuyabeno.gob.ec\/wp-content\/uploads\/2025\/06\/image-6-768x553.png 768w, https:\/\/cuyabeno.gob.ec\/wp-content\/uploads\/2025\/06\/image-6-600x432.png 600w\" sizes=\"auto, (max-width: 831px) 100vw, 831px\" \/><\/figure>\n\n\n\n<p>Base cartogr\u00e1fica del cant\u00f3n Cuyabeno. Fuente: Instituto Geogr\u00e1fico Militar, 2019 Elaboraci\u00f3n: Equipo consultor<\/p>\n\n\n\n<figure class=\"wp-block-image size-full is-resized\"><img loading=\"lazy\" decoding=\"async\" width=\"1024\" height=\"184\" src=\"https:\/\/cuyabeno.gob.ec\/wp-content\/uploads\/2025\/06\/image-7.png\" alt=\"\" class=\"wp-image-1041\" style=\"width:549px;height:auto\" srcset=\"https:\/\/cuyabeno.gob.ec\/wp-content\/uploads\/2025\/06\/image-7.png 1024w, https:\/\/cuyabeno.gob.ec\/wp-content\/uploads\/2025\/06\/image-7-300x54.png 300w, https:\/\/cuyabeno.gob.ec\/wp-content\/uploads\/2025\/06\/image-7-768x138.png 768w, https:\/\/cuyabeno.gob.ec\/wp-content\/uploads\/2025\/06\/image-7-600x108.png 600w\" sizes=\"auto, (max-width: 1024px) 100vw, 1024px\" \/><\/figure>\n\n\n\n<p>\u00c1rea parroquial total<\/p>\n\n\n\n<p><strong>Clima<\/strong><\/p>\n\n\n\n<p>Dentro del cant\u00f3n Cuyabeno se distinguen tres zonas clim\u00e1ticas compuestas por dos tipos de climas: clima s\u00faper h\u00famedo y h\u00famedo ambos sin deficiencia de agua, estos dos son climas tropicales mega t\u00e9rmicos, al ser ambos climas tropicales no var\u00edan mucho entre s\u00ed, su diferencia radica m\u00e1s que nada, en el r\u00e9gimen pluviom\u00e9trico que experimentan; ya que el 99.97% del territorio cantonal experimenta el clima s\u00faper h\u00famedo los reg\u00edmenes pluviom\u00e9tricos se determinan por el mismo y se caracteriza por abundantes precipitaciones que abastecen los sistemas pantanosos del territorio.<\/p>\n\n\n\n<figure class=\"wp-block-image size-full\"><img loading=\"lazy\" decoding=\"async\" width=\"828\" height=\"593\" src=\"https:\/\/cuyabeno.gob.ec\/wp-content\/uploads\/2025\/06\/image-8.png\" alt=\"\" class=\"wp-image-1042\" srcset=\"https:\/\/cuyabeno.gob.ec\/wp-content\/uploads\/2025\/06\/image-8.png 828w, https:\/\/cuyabeno.gob.ec\/wp-content\/uploads\/2025\/06\/image-8-300x215.png 300w, https:\/\/cuyabeno.gob.ec\/wp-content\/uploads\/2025\/06\/image-8-768x550.png 768w, https:\/\/cuyabeno.gob.ec\/wp-content\/uploads\/2025\/06\/image-8-600x430.png 600w\" sizes=\"auto, (max-width: 828px) 100vw, 828px\" \/><\/figure>\n\n\n\n<p>Climas del Cant\u00f3n Cuyabeno<\/p>\n\n\n\n<p><strong>Temperatura<\/strong><\/p>\n\n\n\n<p>La temperatura media mensual se incrementa en los meses de agosto con 24,1 \u00b0C, septiembre 24, octubre 24.5 \u00b0C, el mes con el registro m\u00e1s alto es noviembre con unos 24.7 \u00b0C, diciembre 23.7 \u00b0C, y enero 24.4 \u00b0C, detect\u00e1ndose un descenso desde los meses de febrero con 23.7 \u00b0C hasta Julio con 23 \u00b0C. La temperatura promedio anual es de 29.3 \u00b0C.<\/p>\n\n\n\n<figure class=\"wp-block-image size-full is-resized\"><img loading=\"lazy\" decoding=\"async\" width=\"692\" height=\"191\" src=\"https:\/\/cuyabeno.gob.ec\/wp-content\/uploads\/2025\/06\/image-9.png\" alt=\"\" class=\"wp-image-1043\" style=\"width:460px;height:auto\" srcset=\"https:\/\/cuyabeno.gob.ec\/wp-content\/uploads\/2025\/06\/image-9.png 692w, https:\/\/cuyabeno.gob.ec\/wp-content\/uploads\/2025\/06\/image-9-300x83.png 300w, https:\/\/cuyabeno.gob.ec\/wp-content\/uploads\/2025\/06\/image-9-600x166.png 600w\" sizes=\"auto, (max-width: 692px) 100vw, 692px\" \/><\/figure>\n\n\n\n<p>Temperatura promedio<\/p>\n\n\n\n<p><\/p>\n","protected":false},"excerpt":{"rendered":"<p>Base cartogr\u00e1fica del cant\u00f3n Cuyabeno. Fuente: Instituto Geogr\u00e1fico Militar, 2019 Elaboraci\u00f3n: Equipo consultor \u00c1rea parroquial total Clima Dentro del cant\u00f3n [&hellip;]<\/p>\n","protected":false},"author":1,"featured_media":0,"parent":0,"menu_order":0,"comment_status":"closed","ping_status":"closed","template":"page-templates\/pagebuilder.php","meta":{"footnotes":""},"class_list":["post-810","page","type-page","status-publish","hentry"],"_links":{"self":[{"href":"https:\/\/cuyabeno.gob.ec\/index.php?rest_route=\/wp\/v2\/pages\/810","targetHints":{"allow":["GET"]}}],"collection":[{"href":"https:\/\/cuyabeno.gob.ec\/index.php?rest_route=\/wp\/v2\/pages"}],"about":[{"href":"https:\/\/cuyabeno.gob.ec\/index.php?rest_route=\/wp\/v2\/types\/page"}],"author":[{"embeddable":true,"href":"https:\/\/cuyabeno.gob.ec\/index.php?rest_route=\/wp\/v2\/users\/1"}],"replies":[{"embeddable":true,"href":"https:\/\/cuyabeno.gob.ec\/index.php?rest_route=%2Fwp%2Fv2%2Fcomments&post=810"}],"version-history":[{"count":2,"href":"https:\/\/cuyabeno.gob.ec\/index.php?rest_route=\/wp\/v2\/pages\/810\/revisions"}],"predecessor-version":[{"id":1044,"href":"https:\/\/cuyabeno.gob.ec\/index.php?rest_route=\/wp\/v2\/pages\/810\/revisions\/1044"}],"wp:attachment":[{"href":"https:\/\/cuyabeno.gob.ec\/index.php?rest_route=%2Fwp%2Fv2%2Fmedia&parent=810"}],"curies":[{"name":"wp","href":"https:\/\/api.w.org\/{rel}","templated":true}]}}