{"id":836,"date":"2025-06-12T19:08:51","date_gmt":"2025-06-12T19:08:51","guid":{"rendered":"https:\/\/cuyabeno.gob.ec\/?page_id=836"},"modified":"2025-06-13T17:03:46","modified_gmt":"2025-06-13T17:03:46","slug":"instituciones-adscritas-2","status":"publish","type":"page","link":"https:\/\/cuyabeno.gob.ec\/?page_id=836","title":{"rendered":"Instituciones Adscritas"},"content":{"rendered":"\n<ul class=\"wp-block-list\">\n<li><strong>UNIDAD DE ACCI\u00d3N SOCIAL<\/strong><\/li>\n<\/ul>\n\n\n\n<p><strong>Responsable Ing. <\/strong>Adelaida Cuello.<br><strong>CORREO: <\/strong><a href=\"mailto:uas.gadmc@gmail.com\">uas.gadmc@gmail.com<\/a><br><strong>Ubicaci\u00f3n: <\/strong>Colinas 2 entre 16 de abril y Edgar Zambrano, Edificio municipal<\/p>\n\n\n\n<p><strong>FUNCIONES COMPETENCIAS Y SERVICIOS<br><\/strong>Las principales funciones de la Unidad de Acci\u00f3n Social son promover, impulsar y ejecutar todas las obras y servicios de car\u00e1cter social que requieran implementarse, as\u00ed como gestionar el financiamiento de la Unidad ante el GADMC y otras instancias para encontrar la f\u00f3rmula para ejecutar las obras necesarias en beneficio de los empleados, trabajadores y pueblo en general. La UAS desplegar\u00e1 la gesti\u00f3n social en beneficio de los grupos de atenci\u00f3n prioritaria del cant\u00f3n Cuyabeno. Promover\u00e1 pol\u00edticas de servicio social, mediante el voluntariado como mecanismo de apoyo al mejoramiento econ\u00f3mico social de los m\u00e1s necesitados. Implementar\u00e1 planes, programas y proyectos de atenci\u00f3n social prioritaria y a los grupos vulnerables del cant\u00f3n Cuyabeno de manera directa o a trav\u00e9s de terceros, mediante los convenios de asistencia social que se lograren con MIES o la instituci\u00f3n regente en ese momento y cumplir\u00e1 con las dem\u00e1s actividades determinadas por el Consejo Directivo en funci\u00f3n social y atenci\u00f3n a los grupos vulnerable<\/p>\n\n\n\n<ul class=\"wp-block-list\">\n<li><strong>CONSEJO CANTONAL DE PROTECCI\u00d3N DE DERECHOS DE CUYABENO<\/strong><\/li>\n<\/ul>\n\n\n\n<p><strong>Responsable: Ing.<\/strong> Yessica Yasmin Zambrano Aguilar<br><strong>SECRETARIA TECNICA DEL CONSJEO CANTONAL DE PROTECCI\u00d3N DE DERECHOS.<br>Correo: <\/strong><a href=\"mailto:Derechos-\/z.yessica@yahoo.com\">Derechos-\/z.yessica@yahoo.com<\/a><br><strong>Contacto: <\/strong>0989056854<br><strong>Ubicaci\u00f3n: <\/strong>Colinas 2 entre 16 de abril y Edgar Zambrano, Edificio municipal<\/p>\n\n\n\n<p><strong>FUNCIONES COMPETENCIAS Y SERVICIOS<br><\/strong>La funci\u00f3n del Consejo Cantonal de Protecci\u00f3n de Derechos de Cuyabeno es elaborar planes de intervenci\u00f3n de la pol\u00edtica p\u00fablica en base a las agendas nacionales para la igualdad que atiendan las necesidades de los grupos de atenci\u00f3n prioritaria. Promover la asistencia t\u00e9cnica de organismos nacionales e internacionales para el fortalecimiento de los organismos o servicios cantonales de protecci\u00f3n de derechos. Elaborar y proponer pol\u00edticas de comunicaci\u00f3n y difusi\u00f3n sobre los derechos, garant\u00edas, deberes y responsabilidades de los grupos de atenci\u00f3n prioritaria. Dar seguimiento a las instituciones locales en la aplicaci\u00f3n de las medidas legales, administrativas, y de otra \u00edndole que sean necesarias para la protecci\u00f3n de derechos de los grupos de atenci\u00f3n prioritaria y formular pol\u00edticas p\u00fablicas cantonales relacionadas con las tem\u00e1ticas de <strong>g\u00e9nero, \u00e9tnico\/intercultural, movilidad humana, discapacidad<\/strong>, articuladas a las pol\u00edticas p\u00fablicas de los Consejos Nacionales de Igualdad.<\/p>\n\n\n\n<ul class=\"wp-block-list\">\n<li><strong>JUNTA CANTONAL DE PROTECCI\u00d3N DE DERECHOS DE CUYABENO<\/strong><\/li>\n<\/ul>\n\n\n\n<p><strong>Coordinador: <\/strong>Dr. Nelson Guerrero<br><strong>Responsable. MSc.<\/strong> Cristina Falconi.<br>Roberto Tarira. 0997847287<br><strong>N\u00daMERO DE CONTACTO<br>Contacto<\/strong>: 063750-240 \u2013 145<br><strong>Contacto:<\/strong> 0999503066 \/ 0982582461<br><strong>Direcci\u00f3n electr\u00f3nica del departamento:<\/strong> <a href=\"mailto:jcpdcuyabeno@gmail.com\">jcpdcuyabeno@gmail.com<\/a><br><strong>Correos electr\u00f3nicos:<\/strong> <a href=\"mailto:falconicristina1986@gmail.com\">falconicristina1986@gmail.com<\/a>, <a href=\"mailto:robertotarira@gmail.com\">robertotarira@gmail.com<\/a><br><strong>Ubicaci\u00f3n: <\/strong>Pablo Rub\u00e9n Cevallos entre Taikiua y Blas Encarnaci\u00f3n, junto el registro civil.<\/p>\n\n\n\n<p><strong>FUNCIONES COMPETENCIAS Y SERVICIOS<br><\/strong>Las JCPD-C, en base a su funci\u00f3n p\u00fablica de protecci\u00f3n, debe conocer, de oficio o a petici\u00f3n de parte, los casos de amenaza o violaci\u00f3n de los derechos individuales o colectivos de ni\u00f1os, ni\u00f1as y adolescentes dentro de la jurisdicci\u00f3n cantonal a trav\u00e9s de la disposici\u00f3n de medidas Administrativas de protecci\u00f3n de Derechos necesarias para restituir el derecho violado o vulnerado. Una vez dictadas las medidas de protecci\u00f3n la JCPD-C vigilar\u00e1 su ejecuci\u00f3n y alcance, realizando el seguimiento respectivo a fin de que se garantice la restituci\u00f3n de los derechos de ni\u00f1os, ni\u00f1as y adolescentes; y, en caso de incumplimiento de sus disposiciones interponer las acciones necesarias ante los \u00f3rganos judiciales competentes.<\/p>\n\n\n\n<ul class=\"wp-block-list\">\n<li><strong>REGISTRO DE LA PROPIEDAD CON FUNCIONES Y FACULTADES MERCANTILES DEL CANT\u00d3N CUYABENO<\/strong><\/li>\n<\/ul>\n\n\n\n<p><strong>Responsable Abg. <\/strong>Jorge Vinicio Chela G\u00f3mez.<br><strong>Contacto: <\/strong>0994602476<br><strong>Correo electr\u00f3nico: <a href=\"mailto:jurijorchg@yahoo.es\">jurijorchg@yahoo.es<\/a><br>Ubicaci\u00f3n: <\/strong>Colinas 2 entre 16 de abril y Edgar Zambrano, Edificio municipal<\/p>\n\n\n\n<p><strong>FUNCIONES COMPETENCIAS Y SERVICIOS<br><\/strong>Entre las principales funciones del Registro de la propiedad son: registrar propiedades de compraventa y adjudicaci\u00f3n, emitir certificados de registro de la propiedad, emitir rectificaciones de escritura, otorgar nombramientos de presidentes y gerentes, realizar levantamiento de prohibici\u00f3n de ENAGENAR, realizar levantamiento de hipotecas abiertas y de registros mercantiles.<\/p>\n\n\n\n<ul class=\"wp-block-list\">\n<li><strong>\u00a0CUERPO DE BOMBEROS DEL CANT\u00d3N CUYABENO<\/strong><\/li>\n<\/ul>\n\n\n\n<p><strong>Responsable: Tnt. <\/strong>Jair\u00f3n Perea.<br><strong>Contacto convencional<\/strong>: 062360103<br><strong>Correo electr\u00f3nico: <\/strong><a href=\"mailto:bomberostarapoa@hotmail.com\">bomberostarapoa@hotmail.com<\/a><br><strong>Ubicaci\u00f3n: <\/strong>Pantera entre playas de Cuyabeno y manat\u00ed, barrio El Para\u00edso<\/p>\n\n\n\n<p><strong>FUNCIONES COMPETENCIAS Y SERVICIOS<br><\/strong>Prevenir y proteger a las personas y bienes de la acci\u00f3n destructiva del fuego y de otros desastres o cat\u00e1strofes. Desarrollar acciones de salvamentos, evacuaciones, y rescate en cualquier contingencia que se presente en su jurisdicci\u00f3n o ante el requerimiento pertinente en el \u00e1mbito nacional o internacional que lo amerite. Prestar atenci\u00f3n pre hospitalaria en casos de emergencias y socorro en cat\u00e1strofes y siniestros accidentes de tr\u00e1nsito y otros. Brindar orientaci\u00f3n y asesoramiento a otras entidades locales, nacionales, internacionales en las materias de su conocimiento, mediante acuerdos de colaboraci\u00f3n, convenios y contratos de beneficios rec\u00edprocos. Combatir incendios en infraestructuras industriales en todas las etapas. Realizar rescates: acu\u00e1ticos en monta\u00f1as, deslaves, de inundaciones, en veh\u00edculos accidentados, alcantarillados, zanjas, acueductos etc.<\/p>\n","protected":false},"excerpt":{"rendered":"<p>Responsable Ing. Adelaida Cuello.CORREO: uas.gadmc@gmail.comUbicaci\u00f3n: Colinas 2 entre 16 de abril y Edgar Zambrano, Edificio municipal FUNCIONES COMPETENCIAS Y SERVICIOSLas [&hellip;]<\/p>\n","protected":false},"author":1,"featured_media":0,"parent":0,"menu_order":0,"comment_status":"closed","ping_status":"closed","template":"page-templates\/pagebuilder.php","meta":{"footnotes":""},"class_list":["post-836","page","type-page","status-publish","hentry"],"_links":{"self":[{"href":"https:\/\/cuyabeno.gob.ec\/index.php?rest_route=\/wp\/v2\/pages\/836","targetHints":{"allow":["GET"]}}],"collection":[{"href":"https:\/\/cuyabeno.gob.ec\/index.php?rest_route=\/wp\/v2\/pages"}],"about":[{"href":"https:\/\/cuyabeno.gob.ec\/index.php?rest_route=\/wp\/v2\/types\/page"}],"author":[{"embeddable":true,"href":"https:\/\/cuyabeno.gob.ec\/index.php?rest_route=\/wp\/v2\/users\/1"}],"replies":[{"embeddable":true,"href":"https:\/\/cuyabeno.gob.ec\/index.php?rest_route=%2Fwp%2Fv2%2Fcomments&post=836"}],"version-history":[{"count":3,"href":"https:\/\/cuyabeno.gob.ec\/index.php?rest_route=\/wp\/v2\/pages\/836\/revisions"}],"predecessor-version":[{"id":1019,"href":"https:\/\/cuyabeno.gob.ec\/index.php?rest_route=\/wp\/v2\/pages\/836\/revisions\/1019"}],"wp:attachment":[{"href":"https:\/\/cuyabeno.gob.ec\/index.php?rest_route=%2Fwp%2Fv2%2Fmedia&parent=836"}],"curies":[{"name":"wp","href":"https:\/\/api.w.org\/{rel}","templated":true}]}}